ose z + 3*f = 6, -2*z - 3*f = z - 12. Suppose o - z = -2. Calculate the highest common divisor of 7 and o.
1
Suppose -z + 2*z - 3 = 0. Suppose -2*w + 4*v + 12 = 0, -z*w + 5*v + 28 = v. Suppose -c = 3*c - w. What is the greatest common divisor of 32 and c?
4
Let a = 9 - 6. Suppose k = -0*k + a. Suppose 18 + 3 = k*j. Calculate the highest common divisor of j and 14.
7
Let v be (-1)/2 - 69/(-6). Let u be 1/(((-8)/22)/(-4)). Calculate the highest common factor of v and u.
11
Let h(q) = -2*q**2 + 2*q + 2. Let o be h(2). Let j be o + (2 - 1 - -6). Let u = -10 + 65. What is the highest common divisor of u and j?
5
Suppose 0*a - a = -l, -14 = -3*l - 4*a. Suppose 3*k = -l*k + 30. What is the greatest common divisor of 24 and k?
6
Let u = 5 + 2. Suppose -4*t + 1 = -5*j + 5, 4*t = j + 12. Suppose -4*q + 4*w + 240 = 0, 3*q + t*w - 152 = -0*w. What is the highest common factor of u and q?
7
Let u be 41 - (5 + 4/(-1)). Calculate the greatest common divisor of 5 and u.
5
Let j = -43 - -151. What is the highest common factor of 12 and j?
12
Suppose -21 - 39 = -4*l. What is the greatest common factor of 45 and l?
15
Let y be 2 + 4 + 9/3. Let d be -57*4/(-6) - 2. Let t be (-1)/((-37)/d - -1). What is the greatest common factor of y and t?
9
Suppose 0 = -2*m + r + 452, 5*r = 2*m + 2*m - 910. What is the highest common factor of m and 45?
45
Let g(s) = -s**2 - 8*s - 2. Let l be g(-7). Let f = 14 - l. Suppose -3*t + 57 = -24. Calculate the highest common divisor of f and t.
9
Let f(x) = -x**3 - 2*x**2 + 4*x - 5. Let m be f(-4). Let u = -14 + 25. Calculate the highest common factor of u and m.
11
Let i be (-4 + -26)*(-3)/5. What is the highest common divisor of i and 27?
9
Let a(q) = q**3 - 6*q**2 + q + 6. Let d be a(6). Suppose 0 = 2*p - 0*p - d. Calculate the highest common divisor of p and 4.
2
Let p(m) = 13*m - 8. Let z be p(4). Calculate the greatest common factor of 11 and z.
11
Let z be (3/3 - 1) + 17. Let w = 19 - z. Calculate the highest common divisor of 18 and w.
2
Let h(u) = u + 4. Let c be h(4). Suppose -5*l = -3*w + 279, -3 + 0 = l. What is the highest common factor of c and w?
8
Let n(u) = -2*u**3 - 2*u**2 + u - 2. Let q be n(-2). Suppose 4*y - q*x = 396, 4*x - 100 = -y + 6*x. What is the highest common divisor of 14 and y?
14
Let q(n) = -7*n. Suppose 0 = 2*l + l - 12, -2*r - 4*l = -6. Let m be q(r). Let i(x) = 6*x + 1. Let s be i(1). What is the greatest common divisor of m and s?
7
Let y be ((-126)/4)/((-6)/8). Let o = y - 29. What is the highest common factor of 65 and o?
13
Let l be 4/22 + 4/66*30. Calculate the highest common divisor of l and 18.
2
Let h be 16/7 + (-16)/56. What is the highest common divisor of h and 16?
2
Let r(i) = i**3 + 2*i**2 - 4*i + 5. Let n be r(5). Let t be (n/25)/(4/10). Calculate the highest common divisor of 2 and t.
2
Let q(z) = -z**3 - 26*z**2 + 23*z - 20. Let r be q(-27). What is the highest common divisor of 8 and r?
8
Let t(d) = 13*d**2 + 3*d + 4. Let z be t(-4). What is the greatest common divisor of z and 80?
40
Suppose 233 - 603 = 5*p. Let t = -38 - p. What is the highest common divisor of t and 9?
9
Let u = -10 - -19. Let d = -61 - -106. What is the highest common factor of u and d?
9
Let p = 126 + 14. What is the greatest common divisor of 56 and p?
28
Let q(w) = 3*w**3 - 3*w**2 - 6. Let r be q(3). Let u be (-2)/((-2)/16 + 0). What is the highest common factor of r and u?
16
Let a = 26 - 17. Suppose -255 = -4*p + 69. What is the greatest common divisor of p and a?
9
Let n(o) = 2*o**3 - 21*o**2 - 9*o + 10. Let j be n(11). What is the highest common factor of 64 and j?
32
Let u(f) = -4 + 5 - f - 2*f. Let g be u(-1). Let k(p) = p**3 - 2*p**2 - 3*p - 4. Let v be k(g). Calculate the highest common divisor of v and 48.
16
Let u(f) = 8*f + 1. Let j be u(1). Let y be j/3 - -10 - 2. Suppose 24 + 9 = 3*l. What is the greatest common factor of l and y?
11
Suppose 0 = 2*b + b. Suppose b = -g - g + 2*k - 6, -2*g + k - 1 = 0. Suppose g*l - 18 = 22. Calculate the greatest common divisor of l and 50.
10
Let y(k) = -k**3 + 5*k**2 - 5*k + 6. Let l be y(4). Let a(d) = 140*d + 4. Let v be a(5). Suppose -l*r = 2*r - v. What is the highest common divisor of 22 and r?
22
Let z(g) = 943*g**2 - 2*g + 2. Let x be z(1). Let b be (-18)/(-63) - x/(-7). Let j be (30/4)/((-2)/(-4)). What is the greatest common factor of b and j?
15
Let j(x) = 3*x**2 + 5*x - 2. Let z be j(3). Suppose -2*u + 3*y + z = 0, y = -u - 2*u + 38. Suppose p = u - 1. What is the highest common divisor of 13 and p?
13
Suppose -4*b + 3*n = -63, 0*n + 38 = 4*b + 2*n. Suppose 2*k - 45 = -5*m, m = k + 5*m - 18. What is the greatest common factor of b and k?
6
Suppose -208*o = -211*o + 1221. Calculate the highest common divisor of 37 and o.
37
Let y = 215 - 119. Suppose w = 4*o - 101, 0 = o - 2*o - 5*w - 1. Calculate the highest common factor of o and y.
24
Suppose -5*k + 214 - 59 = 0. Calculate the greatest common factor of 155 and k.
31
Let b be (-10)/15*-57 + (-1 - -5). Calculate the greatest common divisor of 12 and b.
6
Suppose 33 = 5*f - 42. Suppose -2*s - b + 117 = s, -f = -5*b. What is the highest common factor of 190 and s?
38
Let k be (-12)/(-21) + (-451)/(-7). Calculate the greatest common factor of 13 and k.
13
Let c be 5/(-20) - 9/(-4). Suppose 5*j - c*n + 7 = 528, 3*j + 4*n = 323. Calculate the highest common factor of 15 and j.
15
Let i = 361 + -97. Calculate the highest common divisor of 24 and i.
24
Let g(r) = -30*r**3 - r - 1. Let l be g(-1). Suppose -4*u = d - 46, 3*u - 2*d + 4 = 44. Calculate the highest common factor of l and u.
6
Let c be 116/7 - (8/14 + -1). Calculate the greatest common factor of 1 and c.
1
Let h(d) = d**3 - 4*d**2 + 3*d + 2. Let a be h(5). What is the highest common divisor of a and 21?
21
Suppose -2*h - 8 = -0*h, -4*a + 44 = 3*h. What is the highest common factor of a and 322?
14
Suppose 113 = 2*o - 0*d - d, 4*o - 238 = -2*d. Suppose -w - 15 = -o. Suppose 5*t = 2*f + w, t = 4*f - 6*f + 11. Calculate the highest common factor of 54 and t.
9
Suppose q + 4*q - 5*g - 35 = 0, -4*q + 5*g + 26 = 0. Calculate the highest common divisor of 9 and q.
9
Let x(k) = k**2 + 8*k - 21. Let d be x(4). Calculate the greatest common divisor of 36 and d.
9
Suppose 3*z - 16 = -z. Suppose -z*q = -5*q + 34. What is the highest common factor of 17 and q?
17
Let t = -138 + 192. What is the highest common divisor of t and 126?
18
Let g(n) = -n**3 + 7*n**2 - 6*n - 5. Let m be g(6). Let f = m - -7. Suppose f = -3*s + 5. What is the greatest common divisor of 7 and s?
1
Let n = 59 - 23. Calculate the highest common divisor of n and 48.
12
Let m(r) = 31*r**3 + r**2 - 3*r + 1. Let v be m(1). What is the greatest common divisor of v and 45?
15
Let x = -16 + 24. Suppose 6*d = 2*d + 64. Let s = 24 - d. What is the greatest common divisor of x and s?
8
Suppose -f + 84 = 4*z + 3*f, -4*z = -4*f - 76. Calculate the greatest common factor of z and 60.
20
Suppose 1 = l - 7. Let p = 29 + -3. Suppose 0 = 4*g + 10 - p. Calculate the greatest common factor of g and l.
4
Let g(u) = 3*u + 6. Let q be g(5). Suppose 3*x - 6 = x. Calculate the greatest common factor of q and x.
3
Let m(v) = 3*v**2 + 16*v + 14. Let z be m(-6). Calculate the greatest common factor of z and 39.
13
Suppose 9 = 2*s + s. Suppose 222 = 4*v + 2*g, -s*v = 2*g - 191 + 24. Calculate the highest common divisor of v and 22.
11
Suppose 8 = 3*i + i. Suppose -n - 35 = -i*n. Calculate the greatest common divisor of n and 7.
7
Let n be (2/2)/((-1)/2). Let k be n*3/(-6)*22. Calculate the greatest common factor of 2 and k.
2
Suppose 0 = -4*y - 4*n - n + 26, -y + 3 = 3*n. Let t be y/(-6)*10/(-3). Calculate the greatest common factor of t and 2.
1
Suppose -2*x = -0*x - 5*y - 20, y - 23 = -5*x. Suppose x*l = -n + 4*n + 88, -4*n = l - 36. What is the greatest common divisor of 100 and l?
20
Let a(b) = 4*b + 61. Let p be a(-9). Calculate the greatest common divisor of p and 10.
5
Let l(m) = 5*m - 23. Let x be l(6). Let p(k) = k - 4. Let c be p(5). Calculate the greatest common factor of x and c.
1
Let o(p) = 27*p + 6. Suppose 6*r = 7*r - 2. Let q be o(r). What is the highest common factor of q and 24?
12
Let w be (-6)/27 + (-922)/(-18). Calculate the greatest common divisor of 17 and w.
17
Let a(c) = 12*c - 34. Let